 - 35. Let d be i(-16). Let p = 20 + d. What are the prime factors of p?
5, 29
Suppose -18 = -2*i - 6. Let m(g) = g**3 - 5*g**2 - 6*g - 2. Let o be m(i). What are the prime factors of 12/o*(-10)/3?
2, 5
Suppose 2*t - 4*i + 12 = 0, 3*t + i + 12 = t. Let k be (5 - 62) + t/(-2). Let w = -12 - k. What are the prime factors of w?
2, 3, 7
Suppose -h + 2*s - 66 = 0, -h - s - 63 = -2*s. List the prime factors of -1 - h - (1 + 0).
2, 29
Suppose -52*d + 47*d + 3165 = 0. What are the prime factors of d?
3, 211
Let g be (1 + -2)*(-8 - -4 - -5). Let c(k) = 29*k**2 - 3*k + 4. Let w(o) = -15*o**2 + o - 2. Let x(p) = -2*c(p) - 5*w(p). List the prime factors of x(g).
2, 3
Suppose 0*p = -2*p + 6. Let q(i) = -p - 2*i + i - 10*i + 0*i. List the prime factors of q(-1).
2
Let m(r) = -r - 5. Let l(k) = k + 4. Let x(o) = 5*l(o) + 4*m(o). Let h be x(7). Suppose f - 85 = -h*g + 2*g, 5*f = -4*g + 47. What are the prime factors of g?
2, 3
Let u be (128*3/(-2))/(15/(-10)). Let p = u - 86. What are the prime factors of p?
2, 3, 7
Let m = 712 - 64. What are the prime factors of m?
2, 3
Suppose 0 = -3*f - u + 5584 - 1301, -4*u = 16. What are the prime factors of f?
1429
Suppose -5*a - 22 = 8. Let z = a + 5. What are the prime factors of (2 - (0 + -3)) + z?
2
Let b = 1 - -6. Let m = b - -5. Suppose 2*f - m = f. What are the prime factors of f?
2, 3
Let y(x) = x + 7. Let o be y(9). Suppose 2*j - 4*k - 4 = -o, -16 = j - 4*k. Suppose j*l = -7 + 35. List the prime factors of l.
7
Suppose -2*x = 3*l + 53, -4*x - 50 = 4*l + 26. List the prime factors of (-10)/75 - 842/l.
2, 7
Let q(a) = -11*a + 5. Let b be q(2). Let c be (-24)/(-60) + b/5. What are the prime factors of 3 + c - 3 - -21?
2, 3
What are the prime factors of (-562860)/(-140) - (-4)/7?
4021
Suppose -619*a + 22992 = -615*a. What are the prime factors of a?
2, 3, 479
Suppose -4512 = -4*s + 2*w, 3*s - 4*w = 2207 + 1177. Suppose -b = -4*c + 4*b + s, 0 = -5*c + b + 1431. List the prime factors of c.
7, 41
Suppose 2*j - 2 = j. Suppose 105 = j*w - 41. List the prime factors of w.
73
Let m = 52 - -35. Let b = m + -45. List the prime factors of b.
2, 3, 7
Let v(h) = 2*h**2 - 15*h - 33. Let q(d) = -d**2 + 7*d + 17. Let z(t) = -5*q(t) - 3*v(t). List the prime factors of z(6).
2, 19
Suppose 1025 = 4*q - 5*p, -5 = 3*p + 2*p. What are the prime factors of 6086/q - 4/(-30)?
2, 3
Let o be (0*(2 + -1))/(-2). Let k = 10 + -5. Suppose -m + k = -o*m. List the prime factors of m.
5
Let g(r) = -r - 14. Let o be g(-14). Let q(d) = -d**2 - d + 3. What are the prime factors of q(o)?
3
Let b(k) = 37*k**2 - 5*k - 23. What are the prime factors of b(-4)?
19, 31
Let t = 351 + -5. List the prime factors of t.
2, 173
Let l = 26 - 30. What are the prime factors of (l/(-3))/((-10)/(-45))?
2, 3
Let x(c) = c**3 - 13*c**2 + c - 9. Let a be x(13). Suppose 4*v = -a*u + 720, u + 2*u = -2*v + 538. What are the prime factors of u?
2, 89
List the prime factors of -7 + 1 - 127204/(-98).
2, 17, 19
Let y(j) = 6*j + 1. Suppose 4 = 3*f - 29. List the prime factors of y(f).
67
Let h be 986/119 - 2/7. List the prime factors of 80 - h/(-5 - -1).
2, 41
List the prime factors of ((-13221)/36)/13*-64.
2, 113
Suppose -15*d + 17*d = -14. Let r(z) = -3*z + 10 - 10. What are the prime factors of r(d)?
3, 7
Let c = -10 + -1. Let x be (c - -4)*(-8)/28. List the prime factors of (-1)/((-78)/(-40) - x).
2, 5
Let z(a) = 314*a - 84. List the prime factors of z(3).
2, 3, 11, 13
Suppose 0*b - 192 = -2*b - 4*m, m = 5. Suppose 0 = 4*f - 3*c - 322, f = -3*c + 2 + b. What are the prime factors of f?
2, 41
Suppose 3*p + 6*q - 3*q = -450, 5*p + 757 = 2*q. Let g = -45 - p. List the prime factors of g.
2, 53
What are the prime factors of 0 + (-6)/21 + 34524/98?
2, 11
Suppose 17*n - 31*n + 15946 = 0. List the prime factors of n.
17, 67
Let a be (-18)/(-4) - (-5)/(-10). Suppose 3*n + 3*b - 4*b = -26, -4*n - b = 30. What are the prime factors of 26/a + n/16?
2, 3
Let d = 99 - 50. Let c = -7 + d. What are the prime factors of c?
2, 3, 7
Let v be (-3 + 4 + -6)*-1*1. Suppose -316 = -v*d + 149. List the prime factors of d.
3, 31
Let g = 13 + -11. Let v be 9/(-6) - 147/g. Let p = v + 112. List the prime factors of p.
37
Let q(o) = -7*o - 1 + 6*o + 1 - 1. Let u be q(-3). Suppose s - u*p + p = 37, -4*s - 3*p = -113. What are the prime factors of s?
2
Suppose 4 = h + 3, k - 95 = 5*h. Let u = k + -60. List the prime factors of u.
2, 5
Suppose -11*y - 20 = -16*y. Suppose y*p + 5*p = 990. List the prime factors of p.
2, 5, 11
Let i(z) be the first derivative of -11*z**2/2 + 33*z - 16. What are the prime factors of i(-7)?
2, 5, 11
Let i(u) = -u**3 - 41*u**2 + 37*u + 333. What are the prime factors of i(-44)?
4513
What are the prime factors of (-4 + 2772/(-4))/(-1)?
17, 41
Let g(j) = -2*j + 1. Let l(o) = -o - 1. Suppose 2*t + 5*n - 2 = -t, 4*t - 2*n + 6 = 0. Let b(a) = t*g(a) - 2*l(a). What are the prime factors of b(4)?
17
Let f be -7 - -10 - -3*3. Let k be (-8 - -13) + 0 + 5 + -2. What are the prime factors of -10*(0 - f/k)?
3, 5
Let j(c) = c**2 + 1. Let k be j(1). Let z(m) = 2*m**2 - 3*m + 2. Let t be z(k). Suppose -b + 5*u = -35, -5*u - 91 = -t*b + 4. What are the prime factors of b?
2, 5
Let r(g) = 2*g**2 + g - 18. Let t be r(4). Let b = t + 76. What are the prime factors of b?
2, 47
Let a(y) = y**3 + 3*y**2 - y + 255. What are the prime factors of a(0)?
3, 5, 17
What are the prime factors of -121*(-10 - -4)*(-2)/(-4)?
3, 11
Suppose 0 = -3*h + h + 8. Suppose c - 4 = -1, -h*c = 2*a - 128. What are the prime factors of a?
2, 29
Let o be 2 + 9/4*(-8 - -16). Suppose 4*h = -o, 5*h = -u + 2 + 34. List the prime factors of u.
61
Suppose 6*v = 469 - 49. Suppose -5*r + v = -500. List the prime factors of r.
2, 3, 19
Let d(q) be the third derivative of -q**6/120 - q**5/12 - q**4/4 - 5*q**3/6 + q**2. Let x be d(-4). Suppose 2*j = j + x. List the prime factors of j.
3
Let w = 122 + -79. Let t = 79 - w. List the prime factors of t.
2, 3
Suppose 3*m = -2*c, m = -c - c - 4. Suppose 0 = 2*r + 3*o - 56 - 22, -2*r + m*o + 58 = 0. Suppose -b + r = -0*b. List the prime factors of b.
3, 11
Let y = 21 - -578. What are the prime factors of y?
599
Let i(t) = -2*t**3 + 16*t**2 + 26*t - 20. List the prime factors of i(8).
2, 47
Suppose 0*t = -3*t - 15. Let g(f) = f**2 - 4*f - 3. List the prime factors of g(t).
2, 3, 7
Let s = -6 - -4. Let j be (-2 - s)/((-1)/1). Suppose 0 = 5*z + 20, j*t + 3*t - 5*z - 104 = 0. List the prime factors of t.
2, 7
Suppose -l = -9 - 13. Suppose -2*q + l = -2. List the prime factors of q.
2, 3
Let l be ((-135)/10)/(1/2). Let i = l + 15. Let j = i + 25. List the prime factors of j.
13
Let l(d) = -5*d**3 - 9*d**2 + 2*d - 3. Let g be l(-4). Suppose 9*z = 4*z + g. List the prime factors of (-100)/3*z/(-22).
2, 5
Let b = -3027 + 4406. What are the prime factors of b?
7, 197
Suppose 0 = -t + 2*t - 231. Let v be 16/(3 - 74/26). Suppose 5*o - t = v. List the prime factors of o.
67
What are the prime factors of ((-4)/(-5))/(108/96660)?
2, 179
Let l(y) = -2*y**2 - 8*y - 20*y**3 + 5 + 19*y**3 + 0*y**2 + 0. List the prime factors of l(-6).
197
What are the prime factors of (-1 + -5)/((-12)/508)?
2, 127
Let y = 28 - 23. Suppose 3*d = y*d - 86. List the prime factors of d.
43
Suppose 0 = -5*z + 39*j - 36*j + 10848, -6510 = -3*z + 3*j. List the prime factors of z.
3, 241
Let n be ((-27)/6)/((-1)/(-4)). Let i be -3 + 4 + (-1 - n). Let u = i - 15. What are the prime factors of u?
3
Suppose -7*w = -4*w. Suppose 4*s - 93 - 99 = w. What are the prime factors of s?
2, 3
Let m(c) = -7*c - 3. Let y(b) = -8*b - 4. Let h(q) = -3*m(q) + 2*y(q). Let o = 10 - 6. What are the prime factors of h(o)?
3, 7
Let u = 1748 + -1296. What are the prime factors of u?
2, 113
Suppose 6*d = -172 + 448. Suppose -d = 6*i - 10. What are the prime factors of (4 + 2)/(i/(-44))?
2, 11
Suppose -4*r + 5*x = 284, r + 71 = -0*r - 5*x. Let n = r - -122. List the prime factors of n.
3, 17
Suppose 5*b - 7461 = -q, 6*b - b = -4*q + 7464. List the prime factors of b.
2, 373
Let o(q) be the first derivative of q**4/4 - 4*q**3 + q**2/2 + 12*q - 12. What are the prime factors of o(12)?
2, 3
Let n(a) = 4 + a + 3 - 1. Let h be n(-6). Suppose -2*c = -h*o - 3*o - 59, -2*o + 95 = 3*c. List the prime factors of c.
31
Let g(v) be the third derivative of -7*v**4/